4).
1
Let d(w) = -2*w**3 + 25*w**2 + 65*w - 288. Determine d(14).
34
Let x(t) = -t**3 - 15*t**2 - 9*t - 56. Calculate x(-7).
-385
Let k(o) = -2*o**2 - 112*o + 4. Give k(-56).
4
Let y(z) = -z**3 - 2*z**2 + 38*z + 87. Calculate y(-6).
3
Let v(i) = -4*i**3 - 9*i**2 - 8*i - 6. Give v(-2).
6
Let z(w) = 12*w + 92. What is z(-19)?
-136
Let d(y) = 104*y - 3119. Give d(29).
-103
Let k(x) = x**3 - 30*x**2 + 29*x. Calculate k(29).
0
Let a(o) = -o**3 + 197*o - 18. Calculate a(14).
-4
Let o(z) = z**2 - 50*z + 260. Calculate o(6).
-4
Let z(j) = -2*j**3 - 195*j**2 + 919*j + 109. Give z(-102).
7
Let i(k) = 3*k**3 + 9*k**2 - 20*k - 47. Calculate i(-4).
-15
Let w(y) = -2*y**3 - 54*y**2 - 55*y - 137. Determine w(-26).
-59
Let m(q) = q**3 - 53*q**2 - 167*q - 58. Calculate m(56).
-2
Let p(h) = h**3 + 24*h**2 + 143*h + 39. Give p(-14).
-3
Let q(y) = -y**3 + 3*y**2 + 467*y + 1760. Give q(-4).
4
Let t(s) = 3*s**2 + 63*s + 46. What is t(-20)?
-14
Let d(t) = t**2 + 25*t + 126. Calculate d(-8).
-10
Let p(k) = 54*k - 1186. Determine p(22).
2
Let k(w) = -4*w**3 - 2*w**2 + 165*w - 30. Determine k(0).
-30
Let z(g) = g**3 + 21*g**2 + 17*g - 70. Give z(-20).
-10
Let h(f) = 129*f + 4681. Calculate h(-36).
37
Let v(l) = l**3 + 16*l**2 - 39*l - 49. Calculate v(-17).
325
Let c(p) = -3*p**2 - 70*p - 235. Give c(-4).
-3
Let o(n) = n**2 - 4*n - 9. Calculate o(0).
-9
Let l(a) = -12*a**3 - 15*a**2 - 16*a + 1. Give l(-1).
14
Let x(q) = -2*q**2 + 242*q - 4164. What is x(21)?
36
Let x(t) = 7*t - 27. Determine x(9).
36
Let r(z) = -12*z + 969. Determine r(18).
753
Let r(l) = -16*l**2 - 14*l - 52. Determine r(-4).
-252
Let o(i) = -17*i - 266. Determine o(-12).
-62
Let f(x) = 1316*x + 5277. Give f(-4).
13
Let r(b) = -18*b + 436. Determine r(23).
22
Let q(z) = -z**3 - 128*z**2 - 621*z - 736. Give q(-123).
2
Let w(a) = 147*a - 3146. Determine w(22).
88
Let r(d) = 15*d**3 + d**2 - 5*d - 7. Determine r(-2).
-113
Let j(g) = 2*g**2 + 12*g - 295. Give j(0).
-295
Let d(s) = -5*s**2 - 5*s + 15. Give d(4).
-85
Let y(z) = -z**3 + 10*z**2 - 35*z + 325. Calculate y(10).
-25
Let z(q) = -24*q - 426. Determine z(-20).
54
Let w(i) = 64*i + 1547. Give w(-24).
11
Let z(b) = -2*b**2 + 310*b - 10604. Calculate z(104).
4
Let o(p) = 113*p - 842. Calculate o(8).
62
Let d(h) = 4*h**2 + 275*h - 628. Calculate d(-71).
11
Let j(f) = -f**3 - 101*f**2 - 98*f + 207. What is j(-100)?
7
Let k(j) = -143*j - 4254. Determine k(-30).
36
Let x(r) = 144*r + 585. Give x(-4).
9
Let l(z) = -3*z**2 + 146*z + 506. What is l(53)?
-183
Let o(z) = -z**3 - 15*z**2 - 19*z - 12. Determine o(-9).
-327
Let d(b) = -90*b - 21422. What is d(-238)?
-2
Let l(n) = n**2 + 19*n + 7. What is l(-16)?
-41
Let g(l) = 83*l - 11700. Give g(141).
3
Let u(d) = 3*d**2 + 362*d + 237. Determine u(-120).
-3
Let z(o) = -53*o - 529. Give z(-6).
-211
Let z(j) = 2*j**3 - 129*j**2 - 187*j - 719. What is z(66)?
7
Let v(n) = -8*n**2 - 404*n + 809. Determine v(2).
-31
Let s(l) = -l**2 + 334*l - 4780. Calculate s(15).
5
Let i(k) = 10*k - 184. What is i(24)?
56
Let t(x) = -22*x**2 + 4*x + 3. Determine t(2).
-77
Let x(t) = t + 27. What is x(18)?
45
Let b(u) = 2*u**2 - 15*u - 624. Calculate b(0).
-624
Let j(x) = 82*x - 11. What is j(2)?
153
Let b(a) = a**3 - 5*a**2 - 10*a - 37. What is b(7)?
-9
Let t(s) = 17*s**3 - 39*s**2 + 6*s + 3. What is t(2)?
-5
Let j(a) = -4791*a + 105397. Determine j(22).
-5
Let m(l) = l**3 + 19*l**2 + 5*l + 115. What is m(-19)?
20
Let l(m) = 215*m - 745. What is l(4)?
115
Let s(m) = -m**3 - 12*m**2 - 14*m + 9. Calculate s(-7).
-138
Let o(a) = -a**2 + 42*a - 196. Give o(34).
76
Let p(s) = -295*s + 28287. Determine p(96).
-33
Let o(s) = -20*s - 197. Give o(-10).
3
Let t(q) = 21*q - 26. Calculate t(-3).
-89
Let a(q) = -q**3 - 14*q**2 - 32*q - 14. Calculate a(-10).
-94
Let h(s) = -s**3 + 149*s**2 + 36*s - 5364. What is h(149)?
0
Let n(q) = 19*q**2 - 294*q + 1119. Give n(7).
-8
Let v(u) = -2*u**2 + 136*u + 3518. What is v(88)?
-2
Let u(a) = -21*a**2 + 107*a - 18. Determine u(5).
-8
Let a(i) = -9*i**2 + 5*i - 4. Determine a(5).
-204
Let i(f) = -31*f + 1384. What is i(46)?
-42
Let i(g) = -g**2 - g - 31. What is i(0)?
-31
Let y(c) = 3*c**2 - 121*c + 406. What is y(36)?
-62
Let i(k) = -k**3 - 15*k**2 - 30*k - 47. Determine i(-13).
5
Let b(o) = 31*o**3 + o - 2. Calculate b(1).
30
Let w(s) = -s**3 - 6*s**2 + 23*s - 15. What is w(-9)?
21
Let l(y) = -5*y**2 + 399*y - 681. Determine l(78).
21
Let a(o) = o**3 - 55*o**2 + 60*o - 23. Determine a(54).
301
Let h(s) = 88*s + 3541. Give h(-40).
21
Let u(k) = -2*k**2 + 10*k + 36. What is u(0)?
36
Let b(t) = -2*t**3 - 48*t**2 + 30. Determine b(-24).
30
Let f(l) = l**2 + 33*l - 526. What is f(12)?
14
Let x(g) = -8*g**2 + 143*g - 617. What is x(7)?
-8
Let a(r) = 2*r**3 - 4*r**2 - 21*r + 19. What is a(7)?
362
Let x(i) = i**3 - 7*i**2 - 129*i - 48. What is x(-8)?
24
Let j(k) = 10*k - 49. What is j(4)?
-9
Let m(u) = -u**3 + 14*u**2 - 56*u + 1082. Calculate m(15).
17
Let k(i) = 206*i + 279. Give k(2).
691
Let r(w) = -w**3 + 8*w**2 + 3*w - 7. Determine r(9).
-61
Let y(n) = -30*n + 315. Calculate y(10).
15
Let d(v) = 2*v**3 - 99*v**2 + 54*v - 218. Give d(49).
27
Let m(k) = 7*k - 900. Determine m(102).
-186
Let x(d) = -13*d**2 + 145*d - 54. Give x(14).
-572
Let w(c) = -c**2 + 16*c + 30. Calculate w(18).
-6
Let c(v) = -v**2 - 9*v - 21. Determine c(-10).
-31
Let p(c) = c**3 + 128*c**2 + 2653*c + 6. Give p(-26).
-20
Let f(y) = -92*y + 3949. Determine f(43).
-7
Let s(i) = 823*i - 12347. Give s(15).
-2
Let u(r) = 43*r - 2151. Calculate u(49).
-44
Let b(j) = -18*j + 3. Determine b(14).
-249
Let u(r) = -22*r**3 - 15811*r**2 - 15811*r. Determine u(-1).
22
Let g(y) = -y**3 + 133*y**2 - 535*y + 76. What is g(4)?
0
Let f(m) = m**3 + 13*m**2 + 56*m + 8. What is f(-6)?
-76
Let k(c) = 219*c - 6. Determine k(1).
213
Let x(v) = 3*v**2 + 134*v - 71. Determine x(-46).
113
Let v(m) = -m**2 + 84*m - 571. What is v(7)?
-32
Let d(o) = o**3 + 20*o**2 - 69*o - 19. Calculate d(-23).
-19
Let j(i) = -9750*i + 29240. Determine j(3).
-10
Let x(s) = 1075*s + 62332. What is x(-58)?
-18
Let o(i) = -i**3 + 3*i**2 + 77*i - 157. Calculate o(2).
1
Let y(h) = -h**3 + 7*h**2 + 72*h - 525. What is y(8)?
-13
Let u(j) = -634*j + 3791. Give u(6).
-13
Let j(a) = 56*a - 388. Determine j(7).
4
Let z(x) = 3*x**3 + 467*x**2 - 159*x - 514. Calculate z(-156).
-46
Let b(v) = v**3 - 19*v**2 + 7*v - 3. Determine b(19).
130
Let b(t) = 88*t + 1382. What is b(-25)?
-818
Let j(y) = -29*y**3 - 1946*y**2 - 201*y + 1. Calculate j(-67).
1
Let u(f) = 116*f - 2043. What is u(18)?
45
Let m(w) = -w**3 - 7*w**2 + 11*w + 33. Calculate m(-8).
9
Let z(p) = -3*p**2 - 15*p + 22. What is z(1)?
4
Let t(k) = 276*k + 5790. What is t(-21)?
-6
Let a(d) = d**3 - 17*d**2 + 3*d - 71. Give a(18).
307
Let u(o) = 8*o**2 - 102*o + 279. Determine u(3).
45
Let t(w) = 83*w + 19. Give t(-2).
-147
Let i(p) = p**3 + 115*p**2 + 1754*p + 781. What is i(-97)?
5
Let n(f) = -167*f - 515. Give n(-3).
-14
Let t(s) = -3*s**2 - 88*s + 725. What is t(-36)?
5
Let t(f) = -48*f + 2255. What is t(47)?
-1
Let i(f) = 2*f**3 - 66*f**2 + 46*f + 573. Give i(32).
-3
Let y(i) = 2*i**3 + 11*i**2 - 28*i - 151. Determine y(-6).
-19
Let j(s) = 656*s + 1979. What is j(-3)?
11
Let d(b) = b**3 - 10*b**2 - 77*b + 14. What is d(15)?
-16
Let y(i) = 29*i**2 - 39*i + 11. Give y(1).
1
Let m(x) = -2*x**2 - 8*x + 133. Determine m(-11).
-21
Let w(j) = -j**3 - 18*j**2 - 11*j + 39. What is w(-17)?
-63
Let l(f) = -f**3 - 7*f**2 + 79*f + 575. Give l(-8).
7
Let c(a) = -2*a**2 - 214*a - 387. Calculate c(-105).
33
Let h(c) = -164*c - 1649. What is h(-10)?
-9
Let z(v) = -v**3 - 76*v**2 + 160*v + 637. Calculate z(-78).
325
Let k(h) = 204*h - 36342. Calculate k(178).
-30
Let b(q) = -q**3 - 6*q**2 + 6*q + 27. Calculate b(-6).
-9
Let u(c) = -c**2 + 340*c + 20802. Calculate u(-53).
-27
Let w(z) = -10755*z - 64563. Determine w(-6).
-33
Let m(o) = o - 1. Give m(-17).
-18
Let f(a) = 558*a + 23419. What is f(-42)?
-17
Let f(b) = 8*b**2 + 186*b - 811. Give f(-27).
-1
Let l(y) = 18*y**2 + 582*y - 433. Determine l(-33).
-37
Let k(z) = -397*z - 167. What is k(1)?
-564
Let w(r) = 14*r**2 + 739*r - 8787. Give w(10).
3
Let s(t) = 2*t**2 - 28*t + 59. Give s(11).
-7
Let q(k) = -22*k - 516. What is q(-26)?
56
Let m(y) = 44*y - 81. Give m(-10).
-521
Let p(t) = -747*t + 39585. 